{"id":7,"date":"2014-06-22T08:13:32","date_gmt":"2014-06-22T08:13:32","guid":{"rendered":"http:\/\/osho.nc\/?page_id=7"},"modified":"2014-06-22T08:13:32","modified_gmt":"2014-06-22T08:13:32","slug":"a-propos","status":"publish","type":"page","link":"https:\/\/osho.nc\/?page_id=7","title":{"rendered":"A propos"},"content":{"rendered":"<h2>Philippe enseigne le yoga depuis 1976<\/h2>\n<ul>\n<li>F\u00e9d\u00e9ration Nationale des Enseignants de Yoga 3 rue Aubriot PARIS de 1976 \u00e0 1979<\/li>\n<li>disciple de Baba Muktananda et nomm\u00e9 Piyush par Baba<\/li>\n<li>puis devient Sannyas en 1987 et cr\u00e9e le centre de m\u00e9ditation nomm\u00e9 par OSHO :<br \/>\n<strong>centre de m\u00e9ditation KUTIRA en 1988 ce qui signifie Temple.<\/strong><\/li>\n<\/ul>\n<p>Philippe est \u00e9galement p\u00e8re de 3 enfants et consacre son temps \u00e0 l&#8217;\u00e9ducation des autres enfants au sein de l&#8217;\u00e9ducation nationale entre 1973 et 2014.<\/p>\n<p>&nbsp;<\/p>\n\n\t\t<div class='et_quote'>\n\t\t\t<div class='et_right_quote'>\n\t\t\t\tL&#8217;enseignement de Philippe est influenc\u00e9 par Jacques Salom\u00e9 qu&#8217;il connait depuis tr\u00e8s longtemps\n\t\t\t\t\n\t\t\t<\/div>\n\t\t\t<span class='et_quote_sign'><\/span>\n\t\t<\/div>\n\t\n<h2>Sa pratique du yoga a toujours \u00e9t\u00e9 influenc\u00e9 par Nil Hahoutoff (ancien danseur russe) et de ses \u00e9l\u00e8ves comme Patrick Tomatis ou Michel Petitgonnet.<\/h2>\n<p>\n\t\t<div class='author-shortcodes'>\n\t\t\t<div class='author-inner'>\n\t\t\t\t<div class='author-image'>\n\t\t\t<img src='https:\/\/osho.nc\/wp-content\/uploads\/et_temp\/24fbf-philippe-prog-yoga-noumea-20233_60x60.jpg' alt='' \/>\n\t\t\t<div class='author-overlay'><\/div>\n\t\t<\/div> <!-- .author-image --> \n\t\t<div class='author-info'>\n\t\t\tMe contacter : <a href='http:\/\/info@osho.nc' class='small-button smallteal'>Contact par mail<\/a> ou  par T\u00e9l. (+687)81 28 99\n\t\t<\/div> <!-- .author-info -->\n\t\t\t<\/div> <!-- .author-inner -->\n\t\t<\/div> <!-- .author-shortcodes --><br \/>\n<img loading=\"lazy\" decoding=\"async\" class=\"aligncenter size-full wp-image-169\" src=\"https:\/\/osho.nc\/wp-content\/uploads\/2014\/07\/11959-meditation-osho-noumea.jpg\" alt=\"meditation-osho-noumea\" width=\"552\" height=\"380\" srcset=\"https:\/\/osho.nc\/wp-content\/uploads\/2014\/07\/11959-meditation-osho-noumea.jpg 552w, https:\/\/osho.nc\/wp-content\/uploads\/2014\/07\/11959-meditation-osho-noumea-300x207.jpg 300w\" sizes=\"auto, (max-width: 552px) 100vw, 552px\" \/><br \/>\n\n\t\t<div class='et_quote quote-center'>\n\t\t\t<div class='et_right_quote'>\n\t\t\t\t\u00abCe que tu ne comprendras pas dans ton corps tu ne le comprendras nulle part ailleurs \u00bb Extrait des Uppanishads\n\t\t\t\t<span class='et_quote_additional_sign'><\/span>\n\t\t\t<\/div>\n\t\t\t<span class='et_quote_sign'><\/span>\n\t\t<\/div>\n\t<br \/>\n<a name='fb_share' type='button_count' href='http:\/\/www.facebook.com\/sharer.php'>Share<\/a><script src='http:\/\/static.ak.fbcdn.net\/connect.php\/js\/FB.Share' type='text\/javascript'><\/script><\/p>\n<p>Cr\u00e9dit Photo : \u00a9 Daniel Nassoy <a title=\"Photographe nu Homme Daniel Nassoy\" href=\"https:\/\/www.menofmydreams.com\">menofmydreams.com<\/a> et Philippe.<\/p>\n<h2>Certificats et Dipl\u00f4mes :<\/h2>\n<p><img loading=\"lazy\" decoding=\"async\" class=\"aligncenter size-full wp-image-167\" src=\"https:\/\/osho.nc\/wp-content\/uploads\/2014\/07\/5f937-kutira-form.jpg\" alt=\"kutira-meditation noumea\" width=\"512\" height=\"743\" srcset=\"https:\/\/osho.nc\/wp-content\/uploads\/2014\/07\/5f937-kutira-form.jpg 512w, https:\/\/osho.nc\/wp-content\/uploads\/2014\/07\/5f937-kutira-form-207x300.jpg 207w\" sizes=\"auto, (max-width: 512px) 100vw, 512px\" \/><br \/>\n<img loading=\"lazy\" decoding=\"async\" class=\"aligncenter size-full wp-image-169\" src=\"https:\/\/osho.nc\/wp-content\/uploads\/2014\/07\/11959-meditation-osho-noumea.jpg\" alt=\"meditation-osho-noumea\" width=\"552\" height=\"380\" srcset=\"https:\/\/osho.nc\/wp-content\/uploads\/2014\/07\/11959-meditation-osho-noumea.jpg 552w, https:\/\/osho.nc\/wp-content\/uploads\/2014\/07\/11959-meditation-osho-noumea-300x207.jpg 300w\" sizes=\"auto, (max-width: 552px) 100vw, 552px\" \/><br \/>\n<img loading=\"lazy\" decoding=\"async\" class=\"aligncenter size-full wp-image-168\" src=\"https:\/\/osho.nc\/wp-content\/uploads\/2014\/07\/162c3-lomi-lomi-license.jpg\" alt=\"lomi-lomi-license\" width=\"584\" height=\"821\" srcset=\"https:\/\/osho.nc\/wp-content\/uploads\/2014\/07\/162c3-lomi-lomi-license.jpg 584w, https:\/\/osho.nc\/wp-content\/uploads\/2014\/07\/162c3-lomi-lomi-license-213x300.jpg 213w\" sizes=\"auto, (max-width: 584px) 100vw, 584px\" \/><\/p>\n","protected":false},"excerpt":{"rendered":"<p>Philippe enseigne le yoga depuis 1976<\/p>\n","protected":false},"author":1,"featured_media":76,"parent":0,"menu_order":0,"comment_status":"open","ping_status":"open","template":"","meta":{"_s2mail":"yes","footnotes":""},"class_list":["post-7","page","type-page","status-publish","has-post-thumbnail","hentry"],"_links":{"self":[{"href":"https:\/\/osho.nc\/index.php?rest_route=\/wp\/v2\/pages\/7","targetHints":{"allow":["GET"]}}],"collection":[{"href":"https:\/\/osho.nc\/index.php?rest_route=\/wp\/v2\/pages"}],"about":[{"href":"https:\/\/osho.nc\/index.php?rest_route=\/wp\/v2\/types\/page"}],"author":[{"embeddable":true,"href":"https:\/\/osho.nc\/index.php?rest_route=\/wp\/v2\/users\/1"}],"replies":[{"embeddable":true,"href":"https:\/\/osho.nc\/index.php?rest_route=%2Fwp%2Fv2%2Fcomments&post=7"}],"version-history":[{"count":0,"href":"https:\/\/osho.nc\/index.php?rest_route=\/wp\/v2\/pages\/7\/revisions"}],"wp:featuredmedia":[{"embeddable":true,"href":"https:\/\/osho.nc\/index.php?rest_route=\/wp\/v2\/media\/76"}],"wp:attachment":[{"href":"https:\/\/osho.nc\/index.php?rest_route=%2Fwp%2Fv2%2Fmedia&parent=7"}],"curies":[{"name":"wp","href":"https:\/\/api.w.org\/{rel}","templated":true}]}}